divided by 752?
43
Calculate the remainder when 699 is divided by 229.
12
What is the remainder when 207 is divided by 25?
7
Calculate the remainder when 8830 is divided by 32.
30
What is the remainder when 513 is divided by 128?
1
What is the remainder when 1911 is divided by 231?
63
Calculate the remainder when 2193 is divided by 169.
165
Calculate the remainder when 120 is divided by 54.
12
Calculate the remainder when 149 is divided by 83.
66
What is the remainder when 2001 is divided by 13?
12
Calculate the remainder when 5118 is divided by 109.
104
Calculate the remainder when 850 is divided by 142.
140
What is the remainder when 330 is divided by 41?
2
Calculate the remainder when 228 is divided by 75.
3
What is the remainder when 5684 is divided by 47?
44
What is the remainder when 70 is divided by 20?
10
What is the remainder when 3789 is divided by 541?
2
Calculate the remainder when 24 is divided by 9.
6
Calculate the remainder when 2514 is divided by 143.
83
Calculate the remainder when 244 is divided by 41.
39
Calculate the remainder when 93 is divided by 31.
0
What is the remainder when 172 is divided by 121?
51
Calculate the remainder when 613 is divided by 49.
25
What is the remainder when 148 is divided by 137?
11
What is the remainder when 239 is divided by 23?
9
Calculate the remainder when 493 is divided by 34.
17
What is the remainder when 1469 is divided by 29?
19
Calculate the remainder when 4317 is divided by 32.
29
Calculate the remainder when 90 is divided by 34.
22
What is the remainder when 420 is divided by 24?
12
Calculate the remainder when 152 is divided by 18.
8
Calculate the remainder when 42 is divided by 18.
6
Calculate the remainder when 277 is divided by 259.
18
Calculate the remainder when 294 is divided by 102.
90
Calculate the remainder when 588 is divided by 59.
57
Calculate the remainder when 676 is divided by 17.
13
What is the remainder when 223 is divided by 41?
18
Calculate the remainder when 50 is divided by 16.
2
Calculate the remainder when 1177 is divided by 10.
7
What is the remainder when 199 is divided by 67?
65
Calculate the remainder when 733 is divided by 19.
11
Calculate the remainder when 243 is divided by 27.
0
Calculate the remainder when 27 is divided by 23.
4
Calculate the remainder when 764 is divided by 48.
44
What is the remainder when 11 is divided by 3?
2
What is the remainder when 1967 is divided by 82?
81
Calculate the remainder when 189 is divided by 22.
13
What is the remainder when 1661 is divided by 32?
29
Calculate the remainder when 756 is divided by 6.
0
Calculate the remainder when 202 is divided by 26.
20
What is the remainder when 681 is divided by 19?
16
What is the remainder when 142 is divided by 12?
10
What is the remainder when 1070 is divided by 355?
5
What is the remainder when 894 is divided by 39?
36
What is the remainder when 6599 is divided by 32?
7
Calculate the remainder when 816 is divided by 9.
6
Calculate the remainder when 972 is divided by 6.
0
What is the remainder when 680 is divided by 31?
29
What is the remainder when 77 is divided by 27?
23
Calculate the remainder when 238 is divided by 13.
4
What is the remainder when 506 is divided by 34?
30
Calculate the remainder when 62 is divided by 27.
8
Calculate the remainder when 3813 is divided by 1271.
0
Calculate the remainder when 358 is divided by 112.
22
Calculate the remainder when 8750 is divided by 2187.
2
Calculate the remainder when 894 is divided by 56.
54
What is the remainder when 122 is divided by 111?
11
What is the remainder when 1498 is divided by 7?
0
Calculate the remainder when 238 is divided by 8.
6
Calculate the remainder when 645 is divided by 34.
33
Calculate the remainder when 674 is divided by 172.
158
What is the remainder when 68 is divided by 13?
3
What is the remainder when 334 is divided by 84?
82
Calculate the remainder when 62 is divided by 27.
8
What is the remainder when 180 is divided by 56?
12
What is the remainder when 706 is divided by 199?
109
What is the remainder when 287 is divided by 140?
7
What is the remainder when 427 is divided by 73?
62
Calculate the remainder when 56 is divided by 26.
4
Calculate the remainder when 9 is divided by 3.
0
Calculate the remainder when 1583 is divided by 44.
43
Calculate the remainder when 17019 is divided by 16.
11
Calculate the remainder when 2049 is divided by 27.
24
What is the remainder when 3764 is divided by 26?
20
What is the remainder when 2121 is divided by 2111?
10
What is the remainder when 7368 is divided by 22?
20
Calculate the remainder when 638 is divided by 16.
14
Calculate the remainder when 356 is divided by 15.
11
Calculate the remainder when 161 is divided by 22.
7
What is the remainder when 557 is divided by 43?
41
What is the remainder when 741 is divided by 7?
6
What is the remainder when 765 is divided by 21?
9
Calculate the remainder when 143 is divided by 10.
3
Calculate the remainder when 83 is divided by 20.
3
Calculate the remainder when 10443 is divided by 243.
237
What is the remainder when 6075 is divided by 21?
6
What is the remainder when 1738 is divided by 64?
10
Calculate the remainder when 269 is divided by 52.
9
Calculate the remainder when 494 is divided by 71.
68
What is the remainder when 676 is divided by 130?
26
What is the remainder when 111 is divided by 48?
15
What is the remainder when 838 is divided by 117?
19
What is the remainder when 341 is divided by 115?
111
What is the remainder when 366 is divided by 25?
16
Calculate the remainder when 21 is divided by 8.
5
What is the remainder when 366 is divided by 41?
38
What is the remainder when 1511 is divided by 20?
11
What is the remainder when 791 is divided by 23?
9
What is the remainder when 3079 is divided by 5?
4
Calculate the remainder when 3567 is divided by 1189.
0
Calculate the remainder when 859 is divided by 27.
22
Calculate the remainder when 3989 is divided by 174.
161
What is the remainder when 76 is divided by 17?
8
What is the remainder when 860 is divided by 41?
40
What is the remainder when 205 is divided by 45?
25
Calculate the remainder when 2159 is divided by 54.
53
What is the remainder when 672 is divided by 649?
23
Calculate the remainder when 1228 is divided by 136.
4
What is the remainder when 65 is divided by 35?
30
What is the remainder when 445 is divided by 193?
59
Calculate the remainder when 3133 is divided by 131.
120
Calculate the remainder when 432 is divided by 31.
29
What is the remainder when 16 is divided by 11?
5
What is the remainder when 74 is divided by 35?
4
What is the remainder when 1964 is divided by 52?
40
What is the remainder when 40 is divided by 26?
14
What is the remainder when 3708 is divided by 58?
54
What is the remainder when 254 is divided by 234?
20
Calculate the remainder when 48 is divided by 17.
14
Calculate the remainder when 39573 is divided by 291.
288
Calculate the remainder when 3081 is divided by 384.
9
What is the remainder when 417 is divided by 35?
32
What is the remainder when 571 is divided by 565?
6
Calculate the remainder when 753 is divided by 51.
39
Calculate the remainder when 42 is divided by 18.
6
What is the remainder when 646 is divided by 312?
22
Calculate the remainder when 656 is divided by 300.
56
What is the remainder when 115 is divided by 6?
1
What is the remainder when 418 is divided by 7?
5
Calculate the remainder when 2603 is divided by 31.
30
Calculate the remainder when 250 is divided by 12.
10
What is the remainder when 173 is divided by 17?
3
What is the remainder when 726 is divided by 292?
142
What is the remainder when 159 is divided by 8?
7
Calculate the remainder when 80 is divided by 44.
36
What is the remainder when 639 is divided by 32?
31
Calculate the remainder when 632 is divided by 179.
95
Calculate the remainder when 124 is divided by 116.
8
What is the remainder when 203 is divided by 54?
41
Calculate the remainder when 6161 is divided by 99.
23
Calculate the remainder when 54 is divided by 46.
8
What is the remainder when 123 is divided by 31?
30
What is the remainder when 1782 is divided by 105?
102
What is the remainder when 364 is divided by 166?
32
What is the remainder when 291 is divided by 145?
1
What i